ist the prime factors of 1906137709.
7, 2389, 113983
List the prime factors of 28356073.
1381, 20533
List the prime factors of 52142918.
2, 43, 606313
What are the prime factors of 488422296?
2, 3, 23, 59, 4999
List the prime factors of 36458702.
2, 7, 1033, 2521
What are the prime factors of 33800806?
2, 13, 1300031
List the prime factors of 17514705.
3, 5, 13, 89819
List the prime factors of 85571981.
11, 137, 56783
What are the prime factors of 713172450?
2, 3, 5, 41, 115963
List the prime factors of 327816127.
327816127
List the prime factors of 4291991.
11, 79, 449
List the prime factors of 584017591.
467, 683, 1831
What are the prime factors of 47818582?
2, 7, 691, 4943
List the prime factors of 210972558.
2, 3, 35162093
List the prime factors of 3810114351.
3, 61, 6940099
List the prime factors of 1064896420.
2, 5, 7, 19, 57191
List the prime factors of 396406683.
3, 3067, 4787
What are the prime factors of 116728774?
2, 113, 516499
What are the prime factors of 343173027?
3, 293, 390413
What are the prime factors of 1047186688?
2, 23, 293, 607
List the prime factors of 29020870.
2, 5, 17, 170711
List the prime factors of 282116934.
2, 3, 11, 37, 97, 397
List the prime factors of 73475230.
2, 5, 73, 251, 401
List the prime factors of 1173510781.
29, 40465889
List the prime factors of 3212252519.
7, 23, 31, 27983
What are the prime factors of 895859662?
2, 251, 1784581
List the prime factors of 246950784.
2, 3, 47, 4561
What are the prime factors of 1418346293?
7, 13, 163, 95621
List the prime factors of 414764233.
13, 151, 211291
What are the prime factors of 147794576?
2, 37, 421, 593
What are the prime factors of 52118793?
3, 1019, 5683
List the prime factors of 1937722966.
2, 968861483
What are the prime factors of 35412361?
5381, 6581
List the prime factors of 20711445.
3, 5, 1380763
List the prime factors of 43096108.
2, 11, 979457
What are the prime factors of 687333964?
2, 171833491
List the prime factors of 10205108.
2, 73, 34949
What are the prime factors of 44953442?
2, 22476721
List the prime factors of 29383619.
29383619
List the prime factors of 1733514401.
157, 11041493
What are the prime factors of 27506586?
2, 3, 109, 137, 307
What are the prime factors of 1496552017?
23, 65067479
What are the prime factors of 87507832?
2, 541, 20219
What are the prime factors of 2555349?
3, 59, 14437
List the prime factors of 98263963.
7, 2005387
What are the prime factors of 4211677?
859, 4903
What are the prime factors of 1395456149?
1395456149
List the prime factors of 1373935420.
2, 5, 11, 13, 41, 11717
What are the prime factors of 28711155?
3, 5, 11, 174007
List the prime factors of 31241659.
23, 1358333
List the prime factors of 8126099018.
2, 19, 61, 3505651
List the prime factors of 11492847.
3, 23, 31, 199
List the prime factors of 349337804.
2, 317, 275503
What are the prime factors of 59614227?
3, 29, 71, 3217
List the prime factors of 33241884.
2, 3, 13, 409, 521
List the prime factors of 1828615107.
3, 11, 307, 180497
What are the prime factors of 174593164?
2, 1193, 36587
What are the prime factors of 97766447?
83, 491, 2399
List the prime factors of 1908098732.
2, 29, 31, 37, 14341
What are the prime factors of 411854216?
2, 3491, 14747
List the prime factors of 2188926399.
3, 11, 23, 31, 3001
What are the prime factors of 12733119?
3, 7, 17, 1321
What are the prime factors of 215768456?
2, 26971057
List the prime factors of 986712216.
2, 3, 7, 67, 1789
What are the prime factors of 809812306?
2, 17, 23818009
List the prime factors of 2582744017.
7, 9067, 40693
List the prime factors of 559651671.
3, 109, 570491
List the prime factors of 264689484.
2, 3, 22057457
List the prime factors of 5615612596.
2, 11, 3109, 41051
List the prime factors of 34041.
3, 7, 1621
What are the prime factors of 6433097440?
2, 5, 7, 11, 522167
What are the prime factors of 268882274?
2, 134441137
List the prime factors of 798521847.
3, 107, 1237, 2011
List the prime factors of 59743765.
5, 23, 41, 12671
What are the prime factors of 59295138?
2, 3, 7, 1411789
List the prime factors of 211505961.
3, 29, 953, 2551
List the prime factors of 474654940.
2, 5, 23732747
What are the prime factors of 49177058?
2, 7, 3512647
List the prime factors of 248817084.
2, 3, 19, 3023
What are the prime factors of 1607373?
3, 178597
List the prime factors of 2895260045.
5, 137, 4226657
List the prime factors of 220573818.
2, 3, 23, 139, 3833
What are the prime factors of 294219715?
5, 401, 146743
What are the prime factors of 575019223?
575019223
What are the prime factors of 468533376?
2, 3, 135571
List the prime factors of 5786207598.
2, 3, 19, 31, 661, 2477
What are the prime factors of 4252653941?
37, 373, 308141
List the prime factors of 22039845.
3, 5, 1469323
List the prime factors of 5219979531.
3, 13, 133845629
What are the prime factors of 11563378?
2, 5781689
List the prime factors of 744098360.
2, 5, 47, 157, 2521
What are the prime factors of 103375122?
2, 3, 53, 325079
What are the prime factors of 924530689?
41, 71, 317599
List the prime factors of 865044129.
3, 288348043
What are the prime factors of 3194441146?
2, 13, 122863121
What are the prime factors of 194312709?
3, 7196767
List the prime factors of 1105779720.
2, 3, 5, 9214831
What are the prime factors of 30218906?
2, 15109453
List the prime factors of 1839372690.
2, 3, 5, 2917, 21019
What are the prime factors of 40962411?
3, 7, 499, 1303
What are the prime factors of 579172054?
2, 1009, 287003
List the prime factors of 4701299880.
2, 3, 5, 39177499
List the prime factors of 107553240.
2, 3, 5, 298759
What are the prime factors of 184145013?
3, 13, 47, 33487
List the prime factors of 1651737306.
2, 3, 17, 952559
List the prime factors of 3920232507.
3, 41, 983, 32423
What are the prime factors of 20675407?
101, 204707
What are the prime factors of 414083080?
2, 5, 10352077
What are the prime factors of 484196373?
3, 5977733
What are the prime factors of 387164297?
13, 29, 197, 401
What are the prime factors of 4018649205?
3, 5, 263, 1018669
What are the prime factors of 199235169?
3, 7, 3162463
What are the prime factors of 42140461?
11, 19, 201629
What are the prime factors of 652507785?
3, 5, 19, 254389
What are the prime factors of 1593463339?
13, 122574103
List the prime factors of 1862623948.
2, 29, 43, 257, 1453
What are the prime factors of 1177834319?
5647, 208577
List the prime factors of 876177967.
7, 17881183
What are the prime factors of 23633407?
7, 251, 13451
What are the prime factors of 43954448?
2, 19, 191, 757
List the prime factors of 40751820.
2, 3, 5, 47, 4817
What are the prime factors of 8531727491?
7, 17, 19, 3773431
What are the prime factors of 6753200?
2, 5, 16883
What are the prime factors of 133607834?
2, 66803917
List the prime factors of 10465184.
2, 23, 59, 241
List the prime factors of 357179451.
3, 59, 2017963
List the prime factors of 247441975.
5, 11, 81799
List the prime factors of 191249596.
2, 37, 83, 15569
List the prime factors of 758076817.
758076817
List the prime factors of 55160883.
3, 6128987
What are the prime factors of 237585490?
2, 5, 23758549
What are the prime factors of 340422058?
2, 170211029
What are the prime factors of 387726315?
3, 5, 25848421
What are the prime factors of 58748902?
2, 29374451
List the prime factors of 4177549519.
11, 13, 17, 1718449
List the prime factors of 167726320.
2, 5, 149, 14071
What are the prime factors of 509213472?
2, 3, 179, 29633
What are the prime factors of 4159660250?
2, 5, 37, 449693
List the prime factors of 109929934.
2, 19, 2892893
What are the prime factors of 8636975504?
2, 539810969
What are the prime factors of 349439056?
2, 863, 25307
List the prime factors of 54085003.
7, 661, 11689
What are the prime factors of 33794348?
2, 7, 1206941
List the prime factors of 162376227.
3, 13, 853, 1627
List the prime factors of 61629156.
2, 3, 1711921
List the prime factors of 588557861.
1129, 521309
List the prime factors of 47250924.
2, 3, 7, 23, 37, 661
What are the prime factors of 2316415122?
2, 3, 7, 73, 35977
List the prime factors of 6952020502.
2, 7, 37, 389, 34501
What are the prime factors of 946762622?
2, 13, 281, 129587
What are the prime factors of 59133895?
5, 31, 381509
What a